{"id":1893,"date":"2023-02-27T16:34:52","date_gmt":"2023-02-27T16:34:52","guid":{"rendered":"https:\/\/www.partidobitcoin.com\/?page_id=1893"},"modified":"2023-03-06T09:19:20","modified_gmt":"2023-03-06T09:19:20","slug":"decalogo-sobre-bitcoin","status":"publish","type":"page","link":"https:\/\/www.partidobitcoin.com\/index.php\/decalogo-sobre-bitcoin\/","title":{"rendered":"Dec\u00e1logo sobre Bitcoin"},"content":{"rendered":"\t\t<div data-elementor-type=\"wp-page\" data-elementor-id=\"1893\" class=\"elementor elementor-1893\">\n\t\t\t\t\t\t\t\t\t<section class=\"elementor-section elementor-top-section elementor-element elementor-element-879f118 elementor-section-boxed elementor-section-height-default elementor-section-height-default wpr-particle-no wpr-jarallax-no wpr-parallax-no wpr-sticky-section-no\" data-id=\"879f118\" data-element_type=\"section\">\n\t\t\t\t\t\t<div class=\"elementor-container elementor-column-gap-default\">\n\t\t\t\t\t<div class=\"elementor-column elementor-col-100 elementor-top-column elementor-element elementor-element-dde7eb5\" data-id=\"dde7eb5\" data-element_type=\"column\">\n\t\t\t<div class=\"elementor-widget-wrap elementor-element-populated\">\n\t\t\t\t\t\t\t\t<div class=\"elementor-element elementor-element-1735a13 elementor-widget elementor-widget-heading\" data-id=\"1735a13\" data-element_type=\"widget\" data-widget_type=\"heading.default\">\n\t\t\t\t<div class=\"elementor-widget-container\">\n\t\t\t<style>\/*! elementor - v3.11.3 - 07-03-2023 *\/\n.elementor-heading-title{padding:0;margin:0;line-height:1}.elementor-widget-heading .elementor-heading-title[class*=elementor-size-]>a{color:inherit;font-size:inherit;line-height:inherit}.elementor-widget-heading .elementor-heading-title.elementor-size-small{font-size:15px}.elementor-widget-heading .elementor-heading-title.elementor-size-medium{font-size:19px}.elementor-widget-heading .elementor-heading-title.elementor-size-large{font-size:29px}.elementor-widget-heading .elementor-heading-title.elementor-size-xl{font-size:39px}.elementor-widget-heading .elementor-heading-title.elementor-size-xxl{font-size:59px}<\/style><h3 class=\"elementor-heading-title elementor-size-default\">Bitcoin: 10 CONCEPTOS B\u00c1SICOS PARA ENTENDERLO.<\/h3>\t\t<\/div>\n\t\t\t\t<\/div>\n\t\t\t\t\t<\/div>\n\t\t<\/div>\n\t\t\t\t\t\t\t<\/div>\n\t\t<\/section>\n\t\t\t\t<section class=\"elementor-section elementor-top-section elementor-element elementor-element-e914ba6 elementor-section-boxed elementor-section-height-default elementor-section-height-default wpr-particle-no wpr-jarallax-no wpr-parallax-no wpr-sticky-section-no\" data-id=\"e914ba6\" data-element_type=\"section\">\n\t\t\t\t\t\t<div class=\"elementor-container elementor-column-gap-default\">\n\t\t\t\t\t<div class=\"elementor-column elementor-col-66 elementor-top-column elementor-element elementor-element-6cafc8c\" data-id=\"6cafc8c\" data-element_type=\"column\">\n\t\t\t<div class=\"elementor-widget-wrap elementor-element-populated\">\n\t\t\t\t\t\t\t\t<div class=\"elementor-element elementor-element-0f59658 elementor-widget elementor-widget-text-editor\" data-id=\"0f59658\" data-element_type=\"widget\" data-widget_type=\"text-editor.default\">\n\t\t\t\t<div class=\"elementor-widget-container\">\n\t\t\t<style>\/*! elementor - v3.11.3 - 07-03-2023 *\/\n.elementor-widget-text-editor.elementor-drop-cap-view-stacked .elementor-drop-cap{background-color:#818a91;color:#fff}.elementor-widget-text-editor.elementor-drop-cap-view-framed .elementor-drop-cap{color:#818a91;border:3px solid;background-color:transparent}.elementor-widget-text-editor:not(.elementor-drop-cap-view-default) .elementor-drop-cap{margin-top:8px}.elementor-widget-text-editor:not(.elementor-drop-cap-view-default) .elementor-drop-cap-letter{width:1em;height:1em}.elementor-widget-text-editor .elementor-drop-cap{float:left;text-align:center;line-height:1;font-size:50px}.elementor-widget-text-editor .elementor-drop-cap-letter{display:inline-block}<\/style>\t\t\t\t<ul><li>Bitcoin es una forma de <strong>dinero o propiedad<\/strong> digital que existe a nivel mundial.<\/li><li>No se sabe qui\u00e9n es su <strong>creador,<\/strong> pero se considera un regalo para el mundo. No hay una empresa detr\u00e1s de Bitcoin; es un software libre que pertenece a todos los ciudadanos del planeta.<\/li><li>Solo se crear\u00e1n 21 millones de Bitcoins. Cada Bitcoin se divide en 100 millones de unidades m\u00e1s peque\u00f1as, llamadas &#8220;satoshi&#8221;. <strong>Nadie puede crear o imprimir m\u00e1s Bitcoins.<\/strong><\/li><li>Bitcoin est\u00e1 <strong>descentralizado.<\/strong> Se compone de una red de millones de ordenadores en todo el mundo que verifican las transacciones de dinero, eliminando la necesidad de intermediarios como los bancos.<\/li><li>Bitcoin no puede ser <strong>censurado<\/strong> por los gobiernos o los bancos centrales.<\/li><li>Bitcoin es <strong>una soluci\u00f3n contra la inflaci\u00f3n.<\/strong><\/li><li>Bitcoin es una moneda m\u00e1s s\u00f3lida que el dinero <strong>fiat actual<\/strong>, que se puede imprimir indefinidamente.<\/li><li><strong>Tus ahorros en Bitcoin no pierden valor.<\/strong> Esto significa que el fruto de tu esfuerzo mantiene su capacidad adquisitiva con el paso del tiempo.<\/li><li><strong>Bitcoin es \u00fatil para las personas y las empresas.<\/strong> Las transacciones son internacionales y mucho m\u00e1s baratas que con los sistemas financieros tradicionales.<\/li><li><strong>No necesitas tener Bitcoin para aprovechar la red de Bitcoin.<\/strong> Las aplicaciones est\u00e1n desarrollando actualmente para permitir la transferencia de otras monedas, como el d\u00f3lar, el euro, el yen, etc., e incluso convertirlas en otras monedas en el destino. (Ejemplo: de euros a pesos mexicanos)<p>\u00a0<\/p><p>&#8211;<strong>Bitcoin tiene un riesgo del 1% de desaparecer. <\/strong><\/p><span style=\"text-decoration: underline;\"><strong>En contraste, el dinero fiduciario actual tiene un 100% de garant\u00eda de perder valor con el tiempo.\u00a0<\/strong><\/span><\/li><\/ul>\t\t\t\t\t\t<\/div>\n\t\t\t\t<\/div>\n\t\t\t\t\t<\/div>\n\t\t<\/div>\n\t\t\t\t<div class=\"elementor-column elementor-col-33 elementor-top-column elementor-element elementor-element-d89b85c\" data-id=\"d89b85c\" data-element_type=\"column\">\n\t\t\t<div class=\"elementor-widget-wrap elementor-element-populated\">\n\t\t\t\t\t\t\t\t<div class=\"elementor-element elementor-element-c52a12b elementor-widget elementor-widget-image\" data-id=\"c52a12b\" data-element_type=\"widget\" data-widget_type=\"image.default\">\n\t\t\t\t<div class=\"elementor-widget-container\">\n\t\t\t<style>\/*! elementor - v3.11.3 - 07-03-2023 *\/\n.elementor-widget-image{text-align:center}.elementor-widget-image a{display:inline-block}.elementor-widget-image a img[src$=\".svg\"]{width:48px}.elementor-widget-image img{vertical-align:middle;display:inline-block}<\/style>\t\t\t\t\t\t\t\t\t\t\t\t<img decoding=\"async\" src=\"https:\/\/www.partidobitcoin.com\/wp-content\/uploads\/2023\/03\/concepto-bitcoin-scaled.jpg\" title=\"concepto bitcoin\" alt=\"concepto bitcoin\" loading=\"lazy\" \/>\t\t\t\t\t\t\t\t\t\t\t\t\t\t\t<\/div>\n\t\t\t\t<\/div>\n\t\t\t\t\t<\/div>\n\t\t<\/div>\n\t\t\t\t\t\t\t<\/div>\n\t\t<\/section>\n\t\t\t\t<section class=\"elementor-section elementor-top-section elementor-element elementor-element-9f10f93 elementor-section-boxed elementor-section-height-default elementor-section-height-default wpr-particle-no wpr-jarallax-no wpr-parallax-no wpr-sticky-section-no\" data-id=\"9f10f93\" data-element_type=\"section\">\n\t\t\t\t\t\t<div class=\"elementor-container elementor-column-gap-default\">\n\t\t\t\t\t<div class=\"elementor-column elementor-col-100 elementor-top-column elementor-element elementor-element-ec75a09\" data-id=\"ec75a09\" data-element_type=\"column\">\n\t\t\t<div class=\"elementor-widget-wrap elementor-element-populated\">\n\t\t\t\t\t\t\t\t<div class=\"elementor-element elementor-element-6028746 elementor-widget elementor-widget-text-editor\" data-id=\"6028746\" data-element_type=\"widget\" data-widget_type=\"text-editor.default\">\n\t\t\t\t<div class=\"elementor-widget-container\">\n\t\t\t\t\t\t\t<p>Bitcoin es una revoluci\u00f3n en el mundo del dinero y las finanzas. Su naturaleza descentralizada y la limitaci\u00f3n en su suministro la hacen m\u00e1s s\u00f3lida y segura que el dinero fiduciario actual. Bitcoin no puede ser censurado y ofrece una soluci\u00f3n contra la inflaci\u00f3n. Adem\u00e1s, la red de Bitcoin es \u00fatil para personas y empresas, permitiendo transacciones internacionales de forma m\u00e1s r\u00e1pida y econ\u00f3mica que los sistemas financieros tradicionales. Aunque existe un peque\u00f1o riesgo de que Bitcoin desaparezca, este es insignificante en comparaci\u00f3n con la garant\u00eda de p\u00e9rdida de valor que tiene el dinero fiduciario actual. En resumen, Bitcoin es una tecnolog\u00eda financiera que est\u00e1 cambiando la forma en que se entiende y se usa el dinero.<\/p><p><strong>El dinero actual va m\u00e1s lento que el comercio mundial<\/strong>. Bitcoin iguala velocidades y hace el comercio mucho m\u00e1s eficiente en todos los sentidos abaratando costes como consecuencia.<\/p><p><em><span style=\"text-decoration: underline;\"><strong>Los grandes poderes a nivel mundial no quieren bitcoin y no acaban con el simplemente\u00a0 porque no pueden!!!!!<\/strong><\/span><\/em><\/p>\t\t\t\t\t\t<\/div>\n\t\t\t\t<\/div>\n\t\t\t\t\t<\/div>\n\t\t<\/div>\n\t\t\t\t\t\t\t<\/div>\n\t\t<\/section>\n\t\t\t\t\t\t\t<\/div>\n\t\t","protected":false},"excerpt":{"rendered":"<p>Bitcoin: 10 CONCEPTOS B\u00c1SICOS PARA ENTENDERLO. Bitcoin es una forma de dinero o propiedad digital que existe a nivel mundial. No se sabe qui\u00e9n es su creador, pero se considera un regalo para el mundo. No hay una empresa detr\u00e1s de Bitcoin; es un software libre que pertenece a todos los ciudadanos del planeta. Solo [&hellip;]<\/p>\n","protected":false},"author":1,"featured_media":0,"parent":0,"menu_order":0,"comment_status":"closed","ping_status":"closed","template":"","meta":{"footnotes":""},"class_list":["post-1893","page","type-page","status-publish","hentry"],"yoast_head":"<!-- This site is optimized with the Yoast SEO plugin v20.2.1 - https:\/\/yoast.com\/wordpress\/plugins\/seo\/ -->\n<title>Dec\u00e1logo sobre Bitcoin - Partido Bitcoin<\/title>\n<meta name=\"robots\" content=\"index, follow, max-snippet:-1, max-image-preview:large, max-video-preview:-1\" \/>\n<link rel=\"canonical\" href=\"https:\/\/www.partidobitcoin.com\/index.php\/decalogo-sobre-bitcoin\/\" \/>\n<meta property=\"og:locale\" content=\"es_ES\" \/>\n<meta property=\"og:type\" content=\"article\" \/>\n<meta property=\"og:title\" content=\"Dec\u00e1logo sobre Bitcoin - Partido Bitcoin\" \/>\n<meta property=\"og:description\" content=\"Bitcoin: 10 CONCEPTOS B\u00c1SICOS PARA ENTENDERLO. Bitcoin es una forma de dinero o propiedad digital que existe a nivel mundial. No se sabe qui\u00e9n es su creador, pero se considera un regalo para el mundo. No hay una empresa detr\u00e1s de Bitcoin; es un software libre que pertenece a todos los ciudadanos del planeta. Solo [&hellip;]\" \/>\n<meta property=\"og:url\" content=\"https:\/\/www.partidobitcoin.com\/index.php\/decalogo-sobre-bitcoin\/\" \/>\n<meta property=\"og:site_name\" content=\"Partido Bitcoin\" \/>\n<meta property=\"article:modified_time\" content=\"2023-03-06T09:19:20+00:00\" \/>\n<meta property=\"og:image\" content=\"http:\/\/www.partidobitcoin.com\/wp-content\/uploads\/2023\/03\/concepto-bitcoin-scaled.jpg\" \/>\n<meta name=\"twitter:card\" content=\"summary_large_image\" \/>\n<meta name=\"twitter:label1\" content=\"Tiempo de lectura\" \/>\n\t<meta name=\"twitter:data1\" content=\"3 minutos\" \/>\n<script type=\"application\/ld+json\" class=\"yoast-schema-graph\">{\"@context\":\"https:\/\/schema.org\",\"@graph\":[{\"@type\":\"WebPage\",\"@id\":\"https:\/\/www.partidobitcoin.com\/index.php\/decalogo-sobre-bitcoin\/\",\"url\":\"https:\/\/www.partidobitcoin.com\/index.php\/decalogo-sobre-bitcoin\/\",\"name\":\"Dec\u00e1logo sobre Bitcoin - Partido Bitcoin\",\"isPartOf\":{\"@id\":\"https:\/\/www.partidobitcoin.com\/#website\"},\"datePublished\":\"2023-02-27T16:34:52+00:00\",\"dateModified\":\"2023-03-06T09:19:20+00:00\",\"breadcrumb\":{\"@id\":\"https:\/\/www.partidobitcoin.com\/index.php\/decalogo-sobre-bitcoin\/#breadcrumb\"},\"inLanguage\":\"es\",\"potentialAction\":[{\"@type\":\"ReadAction\",\"target\":[\"https:\/\/www.partidobitcoin.com\/index.php\/decalogo-sobre-bitcoin\/\"]}]},{\"@type\":\"BreadcrumbList\",\"@id\":\"https:\/\/www.partidobitcoin.com\/index.php\/decalogo-sobre-bitcoin\/#breadcrumb\",\"itemListElement\":[{\"@type\":\"ListItem\",\"position\":1,\"name\":\"Portada\",\"item\":\"http:\/\/www.partidobitcoin.com\/\"},{\"@type\":\"ListItem\",\"position\":2,\"name\":\"Dec\u00e1logo sobre Bitcoin\"}]},{\"@type\":\"WebSite\",\"@id\":\"https:\/\/www.partidobitcoin.com\/#website\",\"url\":\"https:\/\/www.partidobitcoin.com\/\",\"name\":\"Partido Bitcoin\",\"description\":\"Prosperidad econ&oacute;mica para todos\",\"publisher\":{\"@id\":\"https:\/\/www.partidobitcoin.com\/#organization\"},\"potentialAction\":[{\"@type\":\"SearchAction\",\"target\":{\"@type\":\"EntryPoint\",\"urlTemplate\":\"https:\/\/www.partidobitcoin.com\/?s={search_term_string}\"},\"query-input\":\"required name=search_term_string\"}],\"inLanguage\":\"es\"},{\"@type\":\"Organization\",\"@id\":\"https:\/\/www.partidobitcoin.com\/#organization\",\"name\":\"Partido Bitcoin\",\"url\":\"https:\/\/www.partidobitcoin.com\/\",\"logo\":{\"@type\":\"ImageObject\",\"inLanguage\":\"es\",\"@id\":\"https:\/\/www.partidobitcoin.com\/#\/schema\/logo\/image\/\",\"url\":\"https:\/\/www.partidobitcoin.com\/wp-content\/uploads\/2023\/03\/cropped-logonegro.png\",\"contentUrl\":\"https:\/\/www.partidobitcoin.com\/wp-content\/uploads\/2023\/03\/cropped-logonegro.png\",\"width\":902,\"height\":110,\"caption\":\"Partido Bitcoin\"},\"image\":{\"@id\":\"https:\/\/www.partidobitcoin.com\/#\/schema\/logo\/image\/\"}}]}<\/script>\n<!-- \/ Yoast SEO plugin. -->","yoast_head_json":{"title":"Dec\u00e1logo sobre Bitcoin - Partido Bitcoin","robots":{"index":"index","follow":"follow","max-snippet":"max-snippet:-1","max-image-preview":"max-image-preview:large","max-video-preview":"max-video-preview:-1"},"canonical":"https:\/\/www.partidobitcoin.com\/index.php\/decalogo-sobre-bitcoin\/","og_locale":"es_ES","og_type":"article","og_title":"Dec\u00e1logo sobre Bitcoin - Partido Bitcoin","og_description":"Bitcoin: 10 CONCEPTOS B\u00c1SICOS PARA ENTENDERLO. Bitcoin es una forma de dinero o propiedad digital que existe a nivel mundial. No se sabe qui\u00e9n es su creador, pero se considera un regalo para el mundo. No hay una empresa detr\u00e1s de Bitcoin; es un software libre que pertenece a todos los ciudadanos del planeta. Solo [&hellip;]","og_url":"https:\/\/www.partidobitcoin.com\/index.php\/decalogo-sobre-bitcoin\/","og_site_name":"Partido Bitcoin","article_modified_time":"2023-03-06T09:19:20+00:00","og_image":[{"url":"http:\/\/www.partidobitcoin.com\/wp-content\/uploads\/2023\/03\/concepto-bitcoin-scaled.jpg"}],"twitter_card":"summary_large_image","twitter_misc":{"Tiempo de lectura":"3 minutos"},"schema":{"@context":"https:\/\/schema.org","@graph":[{"@type":"WebPage","@id":"https:\/\/www.partidobitcoin.com\/index.php\/decalogo-sobre-bitcoin\/","url":"https:\/\/www.partidobitcoin.com\/index.php\/decalogo-sobre-bitcoin\/","name":"Dec\u00e1logo sobre Bitcoin - Partido Bitcoin","isPartOf":{"@id":"https:\/\/www.partidobitcoin.com\/#website"},"datePublished":"2023-02-27T16:34:52+00:00","dateModified":"2023-03-06T09:19:20+00:00","breadcrumb":{"@id":"https:\/\/www.partidobitcoin.com\/index.php\/decalogo-sobre-bitcoin\/#breadcrumb"},"inLanguage":"es","potentialAction":[{"@type":"ReadAction","target":["https:\/\/www.partidobitcoin.com\/index.php\/decalogo-sobre-bitcoin\/"]}]},{"@type":"BreadcrumbList","@id":"https:\/\/www.partidobitcoin.com\/index.php\/decalogo-sobre-bitcoin\/#breadcrumb","itemListElement":[{"@type":"ListItem","position":1,"name":"Portada","item":"http:\/\/www.partidobitcoin.com\/"},{"@type":"ListItem","position":2,"name":"Dec\u00e1logo sobre Bitcoin"}]},{"@type":"WebSite","@id":"https:\/\/www.partidobitcoin.com\/#website","url":"https:\/\/www.partidobitcoin.com\/","name":"Partido Bitcoin","description":"Prosperidad econ&oacute;mica para todos","publisher":{"@id":"https:\/\/www.partidobitcoin.com\/#organization"},"potentialAction":[{"@type":"SearchAction","target":{"@type":"EntryPoint","urlTemplate":"https:\/\/www.partidobitcoin.com\/?s={search_term_string}"},"query-input":"required name=search_term_string"}],"inLanguage":"es"},{"@type":"Organization","@id":"https:\/\/www.partidobitcoin.com\/#organization","name":"Partido Bitcoin","url":"https:\/\/www.partidobitcoin.com\/","logo":{"@type":"ImageObject","inLanguage":"es","@id":"https:\/\/www.partidobitcoin.com\/#\/schema\/logo\/image\/","url":"https:\/\/www.partidobitcoin.com\/wp-content\/uploads\/2023\/03\/cropped-logonegro.png","contentUrl":"https:\/\/www.partidobitcoin.com\/wp-content\/uploads\/2023\/03\/cropped-logonegro.png","width":902,"height":110,"caption":"Partido Bitcoin"},"image":{"@id":"https:\/\/www.partidobitcoin.com\/#\/schema\/logo\/image\/"}}]}},"_links":{"self":[{"href":"https:\/\/www.partidobitcoin.com\/index.php\/wp-json\/wp\/v2\/pages\/1893","targetHints":{"allow":["GET"]}}],"collection":[{"href":"https:\/\/www.partidobitcoin.com\/index.php\/wp-json\/wp\/v2\/pages"}],"about":[{"href":"https:\/\/www.partidobitcoin.com\/index.php\/wp-json\/wp\/v2\/types\/page"}],"author":[{"embeddable":true,"href":"https:\/\/www.partidobitcoin.com\/index.php\/wp-json\/wp\/v2\/users\/1"}],"replies":[{"embeddable":true,"href":"https:\/\/www.partidobitcoin.com\/index.php\/wp-json\/wp\/v2\/comments?post=1893"}],"version-history":[{"count":26,"href":"https:\/\/www.partidobitcoin.com\/index.php\/wp-json\/wp\/v2\/pages\/1893\/revisions"}],"predecessor-version":[{"id":2212,"href":"https:\/\/www.partidobitcoin.com\/index.php\/wp-json\/wp\/v2\/pages\/1893\/revisions\/2212"}],"wp:attachment":[{"href":"https:\/\/www.partidobitcoin.com\/index.php\/wp-json\/wp\/v2\/media?parent=1893"}],"curies":[{"name":"wp","href":"https:\/\/api.w.org\/{rel}","templated":true}]}}